visor of d and h?
25
Let m(k) = 14*k**2 - 44*k - 7. Let o be m(7). What is the highest common divisor of 35 and o?
7
Suppose 4196 = -5*o + 431. Let y = o - -851. Suppose -w - 111 = -4*c, 5*c - 2*w + 46 = 184. Calculate the highest common factor of c and y.
14
Let t(x) = 288*x**3 - 16*x**2 - x + 3. Let q be t(2). Calculate the highest common factor of q and 83.
83
Suppose -n + 2 = -53*k + 54*k, k - 11 = -2*n. What is the greatest common factor of n and 1545?
3
Suppose -5*f - 4*r + 27994 = -9144, -4*r - 32 = 0. Calculate the highest common divisor of 472 and f.
118
Let q(y) be the third derivative of y**5/60 + 2*y**4/3 + 25*y**3/3 + 45*y**2. Let a be q(-15). Calculate the highest common factor of a and 5.
5
Suppose -13*g + 212 + 464 = 0. Suppose -g*b - 147 = -59*b. Calculate the greatest common factor of 28 and b.
7
Let s be (-4)/((-8)/(-54))*-9. Suppose 0 = 35*g + 18*g - 64*g + 297. What is the highest common divisor of s and g?
27
Suppose 0 = x + 4*l + 9, -32 + 2 = -5*x + 5*l. Suppose -4*c - 3210*a = -3209*a - 50, 2*a - 30 = -c. Calculate the highest common divisor of x and c.
1
Let d = -5713 + 5735. Suppose -2*u - 3*a + 66 = u, -88 = -4*u + a. What is the highest common factor of d and u?
22
Let n = 355 + -351. Suppose h - n*i - 23 = 0, i - 69 = -4*h - 11. Calculate the highest common divisor of h and 9.
3
Let y be 143 - ((1 + -6 - -12) + 0). Calculate the highest common divisor of 51 and y.
17
Let x(h) = 88*h - 4. Let j be x(3). Let r = 8187 - 8161. What is the greatest common divisor of r and j?
26
Let v be 5 + -27 + -1 - 6. Let o = 31 + v. Calculate the greatest common divisor of o and 17.
1
Let l = -53 + 64. Suppose 45 = -l*s + 2*s. Let c(o) = -3*o - 1. Let x be c(s). What is the highest common divisor of 154 and x?
14
Suppose 3*i + 1 = 7. Suppose 2*c - 46 = -2*c - q, -15 = -c - i*q. Suppose -10*d + 605 = -5*d. Calculate the greatest common factor of c and d.
11
Let v(m) = -83*m - 627. Let c be v(-9). Let w be (32/(-3))/(24/(-108)). Calculate the greatest common factor of w and c.
24
Let h(l) = 2*l**3 - 17*l**2 + 25*l + 15. Let a be h(10). Let w = a - 515. What is the greatest common factor of w and 25?
25
Let i be 80/13 + 1 + (-30)/26. Suppose 15*x = 18*x - i. What is the greatest common divisor of x and 16?
2
Suppose -5*d = s + 37, 2*s = -2*s + d - 127. Let l = s + 107. Calculate the highest common divisor of 175 and l.
25
Let c = -5090 - -5560. Calculate the greatest common factor of 50 and c.
10
Let p be -14 + -3 + 19285 - 24. Calculate the greatest common divisor of 68 and p.
68
Suppose -17657*j = -17661*j + 160. What is the highest common divisor of j and 32?
8
Let v = 427 - 227. Let x be -2*(1 - -4) + (-5670)/(-162). Calculate the highest common divisor of v and x.
25
Let y be 6 + -10 - 117/(-3). Suppose -15*k + 8*k + y = 0. Suppose 5*i + 3*x = 231, 81 = 10*i - 8*i + k*x. Calculate the greatest common divisor of i and 16.
16
Let m be -6 - (-61)/((-427)/(-38850)). What is the highest common divisor of m and 176?
88
Suppose j + i - 113 = 0, 3*j + 30*i - 341 = 25*i. What is the highest common factor of 4816 and j?
112
Let d = -18 + 40. Suppose 3*a - 49*t + 38*t = 2112, 0 = 3*a - 2*t - 2058. What is the highest common divisor of d and a?
22
Suppose -16*g = 2*g - 180. Suppose 4 = 5*y + 2*q, 4*y - 5*q - 33 + g = 0. Calculate the highest common factor of y and 40.
2
Let t be (-4)/(-14) + (-27)/21. Let w(n) = -5*n - 6. Let d be w(4). Let z = t - d. Calculate the greatest common divisor of z and 10.
5
Suppose -2738 + 1516 = -2*x. Calculate the greatest common factor of 376 and x.
47
Let g(i) = i**3 + 26*i**2 + 3*i - 3. Let k be g(-26). Let t = 15 - k. What is the greatest common divisor of t and 120?
24
Let k(v) = 2*v**2 + 91*v - 19. Let f be k(24). Calculate the greatest common divisor of f and 321.
107
Let l = -2478 - -3324. Calculate the highest common divisor of l and 72.
18
Let p(j) = 15*j**2 + 3*j - 8*j**2 - 12 - 6*j**2. Let o be p(5). Let a(r) = -r**2 + 6*r - 1. Let k be a(5). Calculate the highest common divisor of o and k.
4
Let c(v) = 47*v**3 + v. Let a be c(-1). Let g be 16/a*(1 - 4). What is the highest common divisor of 7 and g?
1
Let g = -387 - -422. Let s be g + -5 - (-5 + 9). What is the highest common divisor of s and 494?
26
Let h = -3022 - -3045. Calculate the highest common divisor of 3197 and h.
23
Let r be -3*-1*568/4*(-7)/(-6). What is the greatest common factor of r and 28?
7
Let z = 52 + 169. Suppose 3*v = -5*g + 76, -52*v + 29 = g - 56*v. What is the greatest common divisor of z and g?
17
Suppose -2*c + 2*y + 6 = 0, 2*c - 6*y - 4 = -3*y. Suppose 9*m - c*m + 661 = 5*t, t = 5*m + 149. Calculate the greatest common factor of t and 86.
43
Let i be 15 + ((-5)/(-2) - 110/20). What is the highest common factor of 5252 and i?
4
Let x = -77 - -101. Suppose 22*u = x*u - 352. What is the greatest common divisor of u and 32?
16
Suppose 4*y = 15 + 49. Let m = y - -83. Let k be 23/2 + 5/(-10). Calculate the greatest common factor of m and k.
11
Let w be 0 - (-5*3/(-12) + 7560/(-288)). What is the highest common divisor of 15450 and w?
25
Let g be (-4)/((-68)/(-12) - 7). Let x be (g - (-321)/(-2))/(5/(-10)). Calculate the highest common divisor of x and 63.
63
Suppose 3*k - 5*g = 6, 12*k - 14*k - 9 = g. Let m be (-45 + k + 8)/(-2). Calculate the highest common factor of m and 55.
5
Let o(t) = 18 + 457*t + 37 - 477*t. Let r be o(-6). What is the highest common divisor of 7 and r?
7
Let k(m) = 38*m**2 + m. Let s = -549 - -551. Let g be k(s). What is the highest common divisor of g and 70?
14
Suppose -27*i + 22350 - 4422 = 0. What is the greatest common factor of i and 2158?
166
Let w(t) = -t**3 - 9*t**2 + 8*t - 18. Suppose -2*l + 10 = -3*l. Let k be w(l). Suppose k*y - 14*y = -1116. What is the greatest common factor of 31 and y?
31
Suppose 2*l = -5*b + 6, 2*l + 10 = -3*l. Suppose -7*o = 88 + 612. Let k = o - -124. What is the greatest common divisor of b and k?
2
Let s(m) = 33*m**2 - 20*m + 17. Let r be s(1). What is the highest common divisor of 2745 and r?
15
Let j(q) = 6*q - 4. Suppose 0 = 4*a - 16. Let c be j(a). Suppose 4*p + 30*s = 31*s + 195, 0 = p + 3*s - 65. Calculate the highest common factor of p and c.
10
Let a(q) = 5*q**2 + 5*q + 108. Let n be a(0). Let t = 364 - 220. What is the greatest common divisor of n and t?
36
Suppose 311*v + 2*h - 892 = 308*v, 0 = -v + 3*h + 301. What is the greatest common factor of v and 16?
2
Suppose 2*c - 15*b = -20*b + 52, 95 = 3*c - b. Calculate the highest common divisor of c and 6.
1
Let x be 1*(384 + (3 - 1)). Suppose 4*v + 122 = x. Let n = 12361 - 12317. What is the greatest common factor of n and v?
22
Let m(r) = -2*r**3 + 2*r**2 + 7*r + 2. Suppose 6 = -6*f + 4*f + 2*v, 0 = v. Let g be m(f). What is the highest common divisor of g and 1537?
53
Suppose -374 = 7*u + 186. Let d = -48 - u. What is the highest common factor of d and 56?
8
Let m(v) = 37*v**2 + 11*v + 220. Let o be m(0). Calculate the highest common factor of 380 and o.
20
Suppose -101*k + 100*k = 1. Let i be 81 + (0 + -4)/k. What is the greatest common factor of 34 and i?
17
Suppose -2*h = 6, 3*h + 20 = -4*d - 9. Let b be (-99)/(-6)*2/3*d. Let w = 30 - b. Calculate the highest common factor of 34 and w.
17
Suppose 0 = -460*p + 450*p + 360. Calculate the greatest common divisor of p and 2250.
18
Suppose 160 = 5*l - 2*q, -5*l + 2*q + 2*q + 160 = 0. Let b(i) = 253*i - 2236. Let g be b(12). Calculate the greatest common factor of l and g.
32
Suppose -w + 295*z - 291*z + 1817 = 0, -9177 = -5*w - 3*z. What is the greatest common factor of w and 273?
39
Suppose -p = 2*w - 9293, 2*p = 6 + 4. Calculate the highest common factor of 54 and w.
54
Let l = -147 - -211. Suppose 4*y - 444 = -s, -y + 0*s = 5*s - 92. Calculate the highest common divisor of l and y.
16
Suppose 2*t = t + 4. Let l(j) = -j**3 + 2*j**2 + 13*j. Let v be l(t). Calculate the greatest common divisor of 60 and v.
20
Let j = -2910 - -6461. What is the highest common factor of 67 and j?
67
Let b = -1852 + 6727. Calculate the greatest common factor of b and 78.
39
Let x = 868 - 347. Let u = x - 517. What is the greatest common divisor of 32 and u?
4
Let a(j) = j**3 - 37*j**2 + 440*j + 102. Let b be a(22). What is the highest common factor of b and 3686?
194
Let c